+ 43707 = b. Suppose 4*j = 32829 + b. Is j a prime number?
False
Suppose -2*q + 232 = -262. Let u = q - -3156. Is u a composite number?
True
Let y = -48 - -44. Let c(f) = f**3 + 4*f**2 - 2*f - 2. Let o be c(y). Is 2/(o/2589 - 0) a composite number?
False
Let i(w) be the first derivative of 11*w**5/30 + w**4 + 31*w**3/6 + 11*w**2 - 17. Let d(f) be the second derivative of i(f). Is d(-15) a prime number?
True
Let h = 150 - 166. Is h/28 + (-166059)/(-21) a composite number?
False
Suppose -200 = -5*v - 3*v. Suppose 23*p + 110 = v*p. Let g = p - 12. Is g a prime number?
True
Let b(p) = 5*p**2 + 3*p + 1. Let j be b(-4). Suppose -4*s = 3*d - 1732, -2*s + 848 = -0*s - 3*d. Suppose x - s - j = 0. Is x prime?
True
Suppose -74527 = 2*x + 5*s - 245645, 2*x - 4*s - 171082 = 0. Is x a prime number?
True
Let t(b) = 3*b**2 - 4*b - 7. Let o be t(4). Suppose 0*s + 2*s - 29 = 3*d, -3*d - 2*s - o = 0. Is d/21 - (-1836)/21 a composite number?
True
Let f(s) = 1825*s**2 - 164*s - 1924. Is f(-13) a prime number?
False
Suppose -3*s + 4*l - 28 = 0, 3*l = s - 2*s + 8. Let i = -4 - s. Suppose 0 = -2*f - f + u + 382, i = -3*f - 5*u + 376. Is f composite?
False
Suppose 0 = -146*b + 48247285 + 19478173. Is b a composite number?
False
Suppose 220*v = 223*v - 2*p - 1703169, 0 = 5*v - 4*p - 2838619. Is v composite?
False
Let p = 256335 + -138908. Is p prime?
True
Let b(w) be the second derivative of w**5/20 - 5*w**4/6 + 2*w**3 - 3*w**2 + 8*w. Let o be b(9). Is (-3534)/(-9) - (-7)/o composite?
True
Suppose -b = p - 3523, 2*b - 2526 = -p + 994. Suppose 5*o - 3*z = 8815, 2*o - z - 4*z = p. Is o a composite number?
True
Suppose -3*k = 6*k - 90. Let d(j) = 10 + 29*j - 7 - k - 149*j. Is d(-2) a prime number?
True
Let t(p) = 6*p - 6. Let j be t(2). Let g(c) = c**3 + 6*c**2 - 6*c - 9. Let o be g(j). Let x = -254 + o. Is x prime?
False
Let s = -29494 + 45123. Is s composite?
False
Let a = 1 + -6. Let o be (-1869)/(((-5)/(-25))/(6/a)). Is (2/(-6))/((-14)/o) composite?
True
Let i be (-20)/(-50) - (-28)/5. Let f(k) = 662*k + 17. Is f(i) prime?
True
Let w(z) = 51*z**3 + 7*z**2 - 2*z - 59. Is w(9) composite?
True
Let j(n) = -321*n**2 + 6*n + 36. Let c be j(-3). Is c/(-4) + -6*25/(-120) a composite number?
False
Let z(s) = -s**3 + 42*s**2 - 10*s + 67 - 12 - 73. Is z(23) composite?
False
Suppose 0 = 7*m - 0*m - 21945. Suppose m + 3904 = c. Is c composite?
False
Let y be (2 + -3)*(-3 + 5). Is (y - (-30)/18) + (-196988)/(-6) prime?
True
Let t = 0 + 3. Let x be 2/(t/(1692/8)). Let a = 442 - x. Is a a composite number?
True
Let d = -50654 + -65728. Is 1/(-2) + d/(-68) prime?
False
Suppose 173*y + 21606595 = 318*y. Is y a prime number?
True
Let n(c) = 179*c**2 + 84*c + 2906. Is n(55) a prime number?
True
Let p = 31 - 28. Suppose 0 = 5*r - 2*d - 31, 5*r = p*d - 8*d + 10. Suppose r*v - 250 = 865. Is v prime?
True
Suppose 3*a - d + 10561 = 0, 5*a + d - 3523 = 6*a. Let i be (-5)/20 + a/(-12). Suppose -8237 = -8*r - i. Is r a composite number?
True
Let b(x) = -528*x - 132. Let a be b(-12). Let l = a + -2491. Is l composite?
True
Let j(k) = k**3 - 5*k**2 + 5*k - 24. Let b be j(5). Is 4787*b + 17 + -23 a composite number?
True
Is 435/348 + 778254/8 - (-2 - -2) prime?
True
Let u = 67600 + -19899. Is u a prime number?
True
Suppose 4*x - 8 = 0, 2*n - 4*x = -238 - 174. Let b be 4 - ((-3)/15 + n/(-10)). Let d = 175 - b. Is d composite?
False
Suppose 3*s + 4*c - c + 6 = 0, 3*s + 2*c = -2. Let b be ((-4)/5)/((1064/(-210))/(-38)). Is (-35073)/(-12) - s/(b - 2) a composite number?
True
Let l be 710311/94 + 10/(-4). Suppose 28*p = 22*p + l. Is p a prime number?
True
Suppose -2*j + 10 = 5*n + j, 4*n + 5*j + 5 = 0. Suppose n*q + 2136 = -8629. Let a = q - -3184. Is a a prime number?
True
Let z = 53 - 47. Suppose -324 = z*v - 1500. Suppose -6994 = -5*h + v. Is h a prime number?
False
Let q(s) = -39*s + 7783. Is q(55) a composite number?
True
Suppose 4*p - 8*w + 7*w - 349852 = 0, -5*p = 2*w - 437315. Is p composite?
True
Suppose -d - 402 = 2*d. Let j = 2576 - 1663. Let n = d + j. Is n a composite number?
True
Let d = -932315 - -1731472. Is d composite?
True
Suppose 15*q - 6775071 = 519534. Is q prime?
True
Let k = -79581 + 285568. Is k a composite number?
True
Let p(m) = m**2 - 3*m - 46. Let l be p(-5). Let h(i) = -100*i + 31. Is h(l) a composite number?
False
Let l = -16 - -23. Suppose -13*j = -10*j - 60951. Suppose 0 = -l*i - 8298 + j. Is i a prime number?
False
Suppose 115*c = -3*j + 111*c + 292251, 0 = 5*j + 5*c - 487085. Is j prime?
False
Suppose -10*b - 152 = -52. Let m = 809 + b. Is m a composite number?
True
Let w = 38 - 86. Let t be (w/(-80))/(1/5). Suppose -3*a = -t*i - 1881, -5*i = 4*a - 4*i - 2528. Is a prime?
True
Let u(p) = 344*p + 63. Let l be u(12). Let f = l - -26588. Is f a prime number?
False
Let b(x) be the second derivative of -823*x**3/6 - 87*x**2/2 - 5*x + 3. Is b(-4) prime?
False
Let s(v) = -116*v - 17. Let d = 26 + -25. Let f be (-48)/(-18)*((-1)/d - 2). Is s(f) a composite number?
False
Let p(t) = 987*t**2 - 33*t + 251. Is p(10) prime?
True
Is -33767*2*((-15)/6 + 2) composite?
False
Let p be 42350 - ((-18)/6 - -3). Suppose -p + 3485 = -5*i. Is i composite?
True
Let k(u) = u**3 + 6*u**2 + u - 12. Let o be k(-5). Suppose o*p + 14104 = 133728. Is p composite?
True
Suppose -4*x + 5*a + 944918 = 0, -111*a + 107*a - 944924 = -4*x. Is x prime?
False
Let m(t) = 80*t + 31. Let a(g) = -5*g. Let r be a(-1). Let o(k) = 161*k + 63. Let s(h) = r*m(h) - 2*o(h). Is s(11) a composite number?
False
Suppose 20 = -3*w - 2*w, 35867 = y - 2*w. Suppose -35*r = -89756 - y. Is r prime?
False
Suppose 3*x - 9357 = -w, -w - 281 = -4*x - 9631. Let n(p) = -51*p + 2109. Let o be n(41). Suppose -o*u = 3108 - w. Is u prime?
True
Let o be ((-904)/2 + -1)*1. Suppose 0 = -9*z + 6*z + 3498. Let t = o + z. Is t a composite number?
True
Let m be (-2)/14 + 10400/(-700). Let g(v) = -359*v + 116. Is g(m) a prime number?
True
Suppose 20*a - 41*a + 2708517 = 0. Is a composite?
True
Let o = 255474 - 181597. Is o composite?
False
Let q(c) = -4*c**3 + 22*c**2 + 11*c - 12. Let g be q(6). Is (-534903)/g - (43/(-6) + 7) prime?
True
Let i = 4827 - 3868. Let h(f) = -34*f**2 - f - 4. Let p be h(-4). Let y = i + p. Is y a prime number?
False
Let g(c) = c**2 - 7*c + 19. Let n be g(6). Suppose o + 2*w + 1 = 0, -w = 5*o - n - 18. Suppose 2*l - o*l + v = -8190, 4891 = 3*l + 4*v. Is l prime?
True
Let f = 27552 + 70967. Is f prime?
True
Let p(y) = -16*y**3 + 11*y**2 + 3*y + 13. Let s be p(6). Let i = s - -14749. Is (3/5)/(-2 - (-23448)/i) composite?
True
Suppose -2 + 20 = 3*w. Is ((-3894)/18)/((-2)/w) a prime number?
False
Let r(d) = d + 1. Let o(w) be the third derivative of 203*w**4/24 + 2*w**3/3 - 23*w**2. Let y(a) = o(a) - 5*r(a). Is y(7) a composite number?
True
Suppose -4*t + 12 = 0, -3*i = 6*t - 3*t - 39. Suppose -v + 20581 = i*v. Let u = v + -900. Is u a composite number?
False
Let i = 18229 + -6260. Is i a prime number?
True
Let o(b) = 3470*b**3 - 7*b**2 + 86*b - 313. Is o(4) prime?
True
Let y = -506 - -509. Suppose -5*k - 4*m = -40675, -9*m = -y*k - 13*m + 24405. Is k composite?
True
Let b(a) = 2*a**2 + a**2 - 50 - a**2 - 957*a + 967*a + a**2. Is b(13) a prime number?
True
Suppose -1345 = 2*f + 5*h, 0 = -f + h - 356 - 320. Let q = 2528 - f. Is q a composite number?
False
Suppose -10*o + 6*o - 8 = 0. Is (-3)/o*(60736/12 - -6) prime?
False
Is 6 + 4*(7 + -9) + 97468 + 7 composite?
True
Suppose 23480 = 6*n + 4*n. Suppose -17*x + 19*x = n. Is x/((0 + 8)/4) prime?
True
Suppose 0 = -2*f + 2*y + 719760, 0 = 8*f - 7*f - 4*y - 359892. Is (f/66)/(2/3) a prime number?
True
Let c = -1529 + 1979. Let u be (-2)/(-3)*3 - 0. Is c/4 + 1/u a prime number?
True
Let k = -424611 + 601933. Is k composite?
True
Is -57 - -64 - (4 - -2 - 2) - -85492 prime?
False
Suppose 23 = 9*w - 4. Suppose -2*s - i + 3321 = 0, -s + i = w*i - 1659. Is s composite?
True
Let f = 34706 - -204041. Is f a prime number?
True
Let q(i) = 11*i**3 + 5*i**2 + 39*i - 128. Is q(7) composite?
True
Is 3/((-4)/(-401484)*9) a prime number?
True
Let o(x) = -3870*x + 3884. Is o(-31) composite?
True
Let g be 45/25*(-10)/(-6). Suppose g*w - 4*x = w + 16, 2*x + 8 = -2*w. Suppose w = -7*z + 6*z + 77. Is z a composite number?
True
Let r(q) be the third derivative of 5*q**4/24 - 14*q**3/3 - 7*q**2. Let 